et m = -6 - -12. Let h(j) = -j**3 - 6*j**2 + m*j**2. Calculate h(-1).
1
Let p = 0 - -3. Let i(z) = 5*z - 1. Let f be i(1). Let x(k) = f*k + 1 - p*k - 5 + 6 - k**2. What is x(3)?
-4
Suppose 2 = -4*u - 2*r, -2*u - 3*r = -0*r + 7. Let p(s) = s**3 - s**2 + 1. Give p(u).
1
Let s be ((-8)/12)/(1/(-9)). Let a(i) = -2*i - s + i + 3*i. Let p be a(5). Let t(m) = m - 2. Determine t(p).
2
Let l(z) = -5*z**2 + 46*z + 14. Let t(r) = -r**2 + 9*r + 3. Let b(m) = 2*l(m) - 11*t(m). What is b(8)?
3
Suppose -3*h + 5 = 5*u + h, 0 = h - 5. Let b(a) = 6*a - 1 + 0 - 1 - 4*a. Let w(f) = f - 1. Let x(l) = 2*b(l) - 5*w(l). Calculate x(u).
4
Suppose 2*k = -4*h + 8, 3*h - 10 = -2*h + 5*k. Let p(l) = 4*l**2 - 5*l**2 - 2 - h*l**2 + 4*l**2. Determine p(0).
-2
Suppose -3*j = -j + 2*v, 2*j - 4*v - 12 = 0. Let g(a) = 2 + j*a - a - a + a + a**3 - a**2. Calculate g(0).
2
Suppose 2*d + 3*d + 10 = 0. Let q be d*-1*(-5)/(-2). Let y(u) be the second derivative of u**5/20 - u**4/3 - u**3 + 5*u**2/2 - u. Determine y(q).
0
Suppose 0 = -7*i + 2*i - 5. Let l(k) = 4*k**2 + k. Calculate l(i).
3
Let y(d) be the third derivative of d**6/120 - 7*d**5/60 + d**3/6 + 11*d**2. Determine y(7).
1
Let m(d) = 5*d + 2 - 12*d + 5*d. Determine m(2).
-2
Let v(o) = o**2 + o - 1. Let b(y) = -7*y**2 - 5*y + 6. Let h(l) = b(l) + 6*v(l). Let f(j) = j + 4. Let x be f(-2). Suppose x*p + 2*p = 4. What is h(p)?
0
Let c = 1 + 5. Let t(b) be the second derivative of -b**5/20 + 5*b**4/12 + b**3 - b. Give t(c).
0
Let d(y) = -y**3 - 2*y**2 + 0 - 5*y**2 - 5. Give d(-7).
-5
Let g(x) be the second derivative of x**4/12 - x**3/2 - 3*x**2/2 - 16*x. Determine g(5).
7
Let u(w) = w**3 - 9*w**2 + 20*w + 7. Let q be u(5). Let k(b) = b**3 - 8*b**2 + 6*b + 3. What is k(q)?
-4
Let z(j) = j**3 + j - 2. Let p(s) = s**3 + 2*s**2 - 4*s - 3. Let n be p(-3). Give z(n).
-2
Let o(j) = j + 3. Let i(w) = -w**3 - 5*w**2 - 4*w + 5. Let a be i(-4). Determine o(a).
8
Let j(l) = l**2. Let u(z) = -z**3 - 10*z**2 - 5*z + 3. Let c(k) = -4*j(k) - u(k). Let a(g) = g - 3. Let x be a(3). Let i be (x - 1) + -1*4. Give c(i).
-3
Let a be 10/(-25) + 2/5. Let l(r) = -2*r + a*r + r. Let v(b) = 5*b + 8. Let k(i) = -6*l(i) - v(i). Calculate k(4).
-4
Let w(y) = 2*y**2 + 2*y - 4*y + 2*y**2 + y**3. Let j = 37 + -41. What is w(j)?
8
Let q(s) = -s**3 + 7*s**2 - 7*s. Suppose -2*k - 35 = 3*k. Let h = k - -13. Give q(h).
-6
Let b be (-3)/(0 + -1) - 1. Suppose b*u + u - 6 = 0. Let h(s) = s**3 - 2*s**2 - 3*s + 3. Determine h(u).
-3
Let f(y) be the second derivative of -y**5/20 - y**4/4 + 2*y**3/3 + 3*y**2 - y. What is f(-4)?
6
Let p(h) = h + 1. Let c be (-2)/(-5) - (-27)/(-5). What is p(c)?
-4
Let v be 7/42 - (-123)/18. Let z(o) = -o**2 + 5*o + 6. Determine z(v).
-8
Let d(c) = -c**2 + 4*c + 2. Suppose -11*t = -4*t - 28. Give d(t).
2
Let f(q) be the second derivative of q**3/2 + q**2/2 - 9*q. Give f(3).
10
Let u(q) = q**2 + 5*q - 3. Let d(y) = -y**2 + 11*y - 22. Let x be d(9). Calculate u(x).
-7
Let q be 2/(44/12 + -3). Let f(r) = 0 + 4*r + 0 - r**2. Give f(q).
3
Let i(c) be the second derivative of -3*c + 0*c**2 + 0 + 1/6*c**3. What is i(1)?
1
Let s(z) = z. Let p(b) = b**2 + 7*b - 5. Let k(w) = -p(w) + 3*s(w). Let m be k(-4). Suppose -m*r + 5 = -0*r. Let o(q) = -q + 1. Give o(r).
0
Let b(m) = 0*m**2 - m**2 + m + 5 - 3 - 2*m. Suppose -6*r + 4*r - 4 = 0. What is b(r)?
0
Let n be 4/(-14) - (-38)/(-14). Let m be (-2)/n*9/(-6). Let f(p) = 4*p. Let b(c) = -8*c. Let x(o) = -6*b(o) - 14*f(o). Give x(m).
8
Let z(r) = 4*r + 4. Suppose -66 = 17*j + 5*j. Calculate z(j).
-8
Let c(i) = -1 + 1 + 2*i - 4 + i**2. Give c(-4).
4
Let m(z) be the third derivative of -1/20*z**5 + 0 + 0*z - 1/24*z**4 - 2*z**2 + 0*z**3. Let w(x) = x**2 - 3*x + 1. Let a be w(1). What is m(a)?
-2
Let i be (5 - 1)*(-1)/(-2). Suppose b + 22 = 5*b - i*a, -5*a = 5*b + 10. Let p(q) = -9*q**2 + 4*q - 2*q**3 + 3*q**3 + b*q**2 + 2*q - 1. What is p(4)?
-9
Let b(p) = -19*p + 16*p - 6*p**2 + 2*p**2 - 4. Let t(l) = l**2 + l. Let q(c) = -b(c) - 3*t(c). Calculate q(0).
4
Let z(g) = -2*g**2 - 7*g + 5. Let w(t) = -t**2 - 4*t + 3. Let r(i) = i - 11. Let f be r(18). Let c(y) = f*w(y) - 4*z(y). Calculate c(1).
2
Let x(s) = -s**3 - 5*s**2 - 5*s - 5. Let q be x(-4). Let g = q - 4. Let z(p) = p**3 + 4*p**2 - 5*p. Determine z(g).
0
Let m(u) = 3*u - 2. Let v be 2*1*9/6. Suppose 0 = -5*t + 7 + v. What is m(t)?
4
Let m(p) = -9*p - 1. Let g = 4 + -2. Suppose l - u = -2*l - 26, -l + g*u = 17. Let h = l - -6. Determine m(h).
8
Let x(i) = i**3 + 6*i**2 + 2*i + 4. Let r = 48 + -54. What is x(r)?
-8
Let w(v) = v**3 + 10*v + 7. Let l(s) = s**2 - s - 1. Let g(j) = -5*l(j) - w(j). Suppose 2*z - 1 = 4*n - 23, -z = 4*n + 35. Let m be 2/(-7) + z/7. What is g(m)?
-5
Let g(o) = 2*o**3 - 4*o**2 + 2*o + 1. Let c(t) = -t**3 - 18*t**2 - 18*t - 15. Let d be c(-17). Give g(d).
5
Let j(k) = -3*k**2 - 7*k + 7. Let n(b) = 2*b**2 + 4*b - 4. Let r(h) = -3*j(h) - 5*n(h). Let d(z) = -9*z**2 + 4*z - 4. Let t(f) = d(f) - 3*r(f). Determine t(1).
-6
Let c be -3 + (7 - 2) - -2. Suppose c*v - 6*v = -2. Let d(p) = 8*p + 1. What is d(v)?
9
Let b(k) = k + 1. Suppose -10 = -2*l - 0*l. Suppose -l*t - a - 18 = 0, 3*a = 4*a + 3. What is b(t)?
-2
Let g(i) = 6*i - 4. Let z(v) = -v + 1. Let j(a) = g(a) + 2*z(a). Suppose 0 = -5*p + y + 15, -4*p + 2*y + 33 = -3*y. What is j(p)?
6
Suppose -3 + 5 = -2*b. Let m = 4 - 2. Let j(i) = 0*i**m - 1 + 9*i**3 - i + i**2 - 2*i**2. What is j(b)?
-10
Let v(j) be the second derivative of -j**4/8 + 2*j**3/3 - 3*j**2 + j. Let f(w) be the first derivative of v(w). What is f(4)?
-8
Suppose -3*z = -z - 10. Suppose -g = -z + 10. Let h = g - -2. Let r(s) = s - 1. Determine r(h).
-4
Let a(g) be the second derivative of -g**6/360 - g**5/120 + g**3/2 - 3*g. Let f(k) be the second derivative of a(k). What is f(2)?
-6
Let d(p) = -p**2 + p + 1. Suppose -3*f = -2*f - 3. Suppose 2 = 5*u + f*s - 23, s = 5. Determine d(u).
-1
Suppose -2*a = -3*s - 15, 2*a + 3*s - 4*s - 13 = 0. Let d be 2/a - 16/(-6). Let q(z) = -z**3 - z**3 + 2*z + z**3 + 0*z**d. Calculate q(-2).
4
Let n = -4 + 7. Let r = 5 - n. Let k(o) = -8 - o**2 - o**3 + o**r. What is k(0)?
-8
Suppose -2*j + 6 + 12 = 0. Suppose -a - 7 = -3*x, -3*a - 2*x = -7*x + j. Let q(r) be the first derivative of r**4/4 - r**2/2 + r + 1. Calculate q(a).
7
Let b(g) = 3 - 3 - 5*g + 3*g + g**2. Determine b(5).
15
Let h(c) = c + 1. Let z be (-7)/4 + (-2)/8. Let m be 5/3 - (-8)/(-3). Let u be z/1 + m - -8. Determine h(u).
6
Let w = 11 + -16. Let g(a) be the second derivative of a**5/20 + a**4/3 - 5*a**3/6 - 5*a**2/2 - 8*a. What is g(w)?
-5
Let s be (-2)/(-3) - (-60)/(-9). Let k(g) = -g**2 - 6*g + 7. Give k(s).
7
Let s(i) = i + 12. Let b(w) = -w**3 - 5*w**2 + 3*w + 15. Let t be b(-5). Calculate s(t).
12
Let f(r) = r**2 - 4*r + 2. Let p = 13 + -8. Calculate f(p).
7
Let g be 4/(-22) - 408/(-66). Let z(m) = -3*m**3 - 3*m**3 - m + 2*m**3 + g*m**2 + 3*m**3. What is z(6)?
-6
Let t(d) = 8*d + 3. Let g(x) = -4*x - 1. Let v(p) = 7*g(p) + 4*t(p). Calculate v(-4).
-11
Let r(k) = -k**2 + 2. Let x = -101 - -99. Determine r(x).
-2
Let z(q) = q**2 - 3*q + 1. Suppose -p + f = -7, 4*p = -0*f + f + 19. Determine z(p).
5
Suppose -n = -x + 3, 4*x - 5*n = -3*n + 14. Let t(o) = -4*o + 0*o**2 - o**2 + 3*o + x. Give t(-3).
-2
Let t(n) = n - 6. Let y(j) = 2*j**2 - 23*j + 17. Let i be y(11). What is t(i)?
0
Let y(x) = -4*x**2 + x**3 - 12*x**2 + 19*x**2. Suppose 2*a - 34 = -4*b - 3*a, -a - 16 = -3*b. Let j = 4 - b. Calculate y(j).
4
Let h(s) = -8*s**3 - s**2 + 1. Suppose -c = 5*c. Let a = 3 - 2. Suppose -3*t + 4 - a = c. What is h(t)?
-8
Let s(y) = y**3 + 5*y**2 + 4*y - 2. Suppose 7 + 1 = -2*w. Determine s(w).
-2
Let o(g) = g. Let v be o(4). Let c be (-4 + 4)*2/v. Let j(t) = -8 + 0*t**2 + 2*t**2 - t**2. What is j(c)?
-8
Let z(a) = a**3 - 6*a**2 - 3. Let b(m) = 10*m**3 - m**2 + 4*m. Let g(k) = -9*k**3 - 3*k. Let s(r) = 2*b(r) + 3*g(r). Let w be s(-1). Calculate z(w).
-3
Let g(f) = 2*f**2 - f. Let p be (-1)/(-2)*(-8)/(-2). Give g(p).
6
Let w(x) = x**3 + 8*x**2 + 8*x + 3. Let s = 64 - 38. Suppose 5*i + 9 = -s. Calculate w(i).
-4
Let w(r) = -10*r + 1. Let y(k) = -3*k. Let b(g) = g. Let c(l) = 7*b(l) + 2*y(l). Let m(q) = 18*c(q) + 2*w(q). Calculate m(-3).
8
Let z(u) = 1 - 4 - u + 5. Suppose -4*f - 20 = -8*f. What is z(f)?
-3
Let w(s) = -33*s**3 + 17*s**2 -